of 14?
False
Does 20 divide 22860?
True
Is 693 a multiple of 5?
False
Is 26 a factor of 45266?
True
Is 15 a factor of 2400?
True
Is 70 a factor of 473?
False
Does 45 divide 3105?
True
Does 7 divide 178?
False
Is 2361 a multiple of 53?
False
Is 91 a factor of 31486?
True
Does 3 divide 3223?
False
Does 121 divide 10466?
False
Is 544 a multiple of 32?
True
Is 84036 a multiple of 140?
False
Does 53 divide 209166?
False
Does 7 divide 1408?
False
Is 11682 a multiple of 177?
True
Is 793 a multiple of 30?
False
Is 216 a multiple of 72?
True
Is 1035 a multiple of 69?
True
Is 19 a factor of 1311?
True
Does 6 divide 4425?
False
Is 26 a factor of 1416?
False
Is 120 a multiple of 4?
True
Is 12 a factor of 2207?
False
Is 714 a multiple of 9?
False
Is 44 a factor of 407?
False
Does 9 divide 675?
True
Is 28301 a multiple of 13?
True
Does 46 divide 92?
True
Is 142710 a multiple of 201?
True
Is 1344 a multiple of 24?
True
Is 2544 a multiple of 3?
True
Is 3 a factor of 1044?
True
Does 108 divide 2268?
True
Is 1169 a multiple of 37?
False
Is 6374 a multiple of 22?
False
Is 1023 a multiple of 38?
False
Is 16368 a multiple of 98?
False
Is 1600 a multiple of 40?
True
Is 99 a factor of 1089?
True
Does 285 divide 23655?
True
Is 96 a multiple of 6?
True
Is 1265 a multiple of 11?
True
Is 36 a factor of 4581?
False
Is 61 a factor of 1098?
True
Is 13 a factor of 10838?
False
Is 74 a factor of 1924?
True
Is 12 a factor of 4440?
True
Does 3 divide 2316?
True
Is 7 a factor of 3029?
False
Does 22 divide 3300?
True
Is 15 a factor of 30870?
True
Is 1995 a multiple of 72?
False
Does 12 divide 6396?
True
Does 74 divide 59394?
False
Is 43 a factor of 2091?
False
Is 11 a factor of 17?
False
Is 1518 a multiple of 16?
False
Does 25 divide 1625?
True
Does 15 divide 2597?
False
Is 23 a factor of 667?
True
Is 2652 a multiple of 26?
True
Is 908 a multiple of 36?
False
Is 2 a factor of 575?
False
Does 12 divide 619?
False
Does 12 divide 2868?
True
Does 113 divide 261?
False
Does 53 divide 8252?
False
Does 7 divide 1119?
False
Does 39 divide 1403?
False
Is 183 a factor of 55083?
True
Does 14 divide 70274?
False
Is 70 a multiple of 2?
True
Is 3 a factor of 1872?
True
Is 18 a factor of 2520?
True
Is 44 a factor of 880?
True
Does 41 divide 15990?
True
Does 10 divide 757?
False
Is 867 a multiple of 21?
False
Is 850 a multiple of 34?
True
Does 4 divide 21079?
False
Is 4188 a multiple of 4?
True
Does 19 divide 10811?
True
Is 3 a factor of 649?
False
Does 3 divide 9?
True
Is 178 a factor of 120894?
False
Does 82 divide 32472?
True
Is 53 a factor of 2244?
False
Is 62 a factor of 744?
True
Is 22 a factor of 638?
True
Is 14 a factor of 54376?
True
Is 121 a factor of 76645?
False
Is 6740 a multiple of 5?
True
Is 267 a multiple of 20?
False
Is 50764 a multiple of 26?
False
Does 197 divide 2364?
True
Does 162 divide 10692?
True
Does 120 divide 4800?
True
Is 28398 a multiple of 72?
False
Does 10 divide 650?
True
Does 2 divide 158?
True
Does 120 divide 4680?
True
Is 789 a multiple of 22?
False
Is 1284 a multiple of 5?
False
Does 114 divide 2236?
False
Is 15 a factor of 119210?
False
Does 4 divide 2004?
True
Is 161 a factor of 27999?
False
Is 2 a factor of 3825?
False
Is 39 a factor of 663?
True
Is 6728 a multiple of 29?
True
Is 128 a multiple of 6?
False
Does 60 divide 38100?
True
Is 57 a factor of 114?
True
Does 70 divide 1890?
True
Does 8 divide 330?
False
Does 8 divide 131?
False
Is 31 a multiple of 3?
False
Is 36531 a multiple of 11?
True
Is 135 a factor of 8505?
True
Is 1929 a multiple of 46?
False
Does 8 divide 15953?
False
Does 2 divide 49?
False
Does 45 divide 824?
False
Is 4 a factor of 2155?
False
Is 7241 a multiple of 29?
False
Does 9 divide 301?
False
Does 112 divide 6720?
True
Is 720 a multiple of 31?
False
Is 4 a factor of 476?
True
Is 396 a multiple of 12?
True
Is 1200 a multiple of 40?
True
Does 13 divide 44252?
True
Is 170 a multiple of 34?
True
Is 54 a factor of 873?
False
Does 24 divide 144?
True
Does 7 divide 110?
False
Is 490 a multiple of 245?
True
Does 13 divide 803?
False
Does 28 divide 514?
False
Is 4198 a multiple of 59?
False
Does 31 divide 15159?
True
Does 215 divide 25274?
False
Does 24 divide 3071?
False
Does 9 divide 2607?
False
Is 594 a multiple of 11?
True
Is 40 a factor of 8000?
True
Is 13 a factor of 2577?
False
Is 1253 a multiple of 98?
False
Does 2 divide 886?
True
Is 7002 a multiple of 6?
True
Is 32681 a multiple of 113?
False
Is 4 a factor of 41?
False
Is 1675 a multiple of 57?
False
Is 30024 a multiple of 54?
True
Is 8 a factor of 600?
True
Does 15 divide 12075?
True
Is 6756 a multiple of 8?
False
Is 261 a multiple of 100?
False
Is 11 a factor of 256?
False
Is 19 a factor of 582?
False
Is 577 a multiple of 3?
False
Is 9 a factor of 27?
True
Does 125 divide 10649?
False
Is 229 a factor of 13716?
False
Does 9 divide 94336?
False
Is 11 a factor of 1573?
True
Is 4 a factor of 737?
False
Does 14 divide 15761?
False
Is 580 a multiple of 34?
False
Is 32254 a multiple of 26?
False
Does 27 divide 377?
False
Is 11 a factor of 88?
True
Does 15 divide 946?
False
Is 10 a factor of 218?
False
Is 22 a factor of 1404?
False
Is 361 a multiple of 19?
True
Is 75 a factor of 3870?
False
Does 97 divide 11208?
False
Does 11 divide 5280?
True
Is 3 a factor of 1800?
True
Is 7 a factor of 665?
True
Is 8 a factor of 46365?
False
Is 24 a factor of 660?
False
Does 6 divide 883?
False
Is 241 a multiple of 16?
False
Is 24 a factor of 570?
False
Does 128 divide 9976?
False
Does 12 divide 10623?
False
Does 13 divide 554?
False
Does 18 divide 354?
False
Does 96 divide 18816?
True
Does 30 divide 39810?
True
Is 21 a factor of 3864?
True
Does 45 divide 37485?
True
Is 167 a factor of 5678?
True
Is 12 a factor of 8340?
True
Is 42 a factor of 1638?
True
Is 3 a factor of 322?
False
Does 3 divide 2262?
True
Is 19 a factor of 3282?
False
Is 36 a factor of 4581?
False
Is 14 a factor of 1302?
True
Is 8363 a multiple of 59?
False
Is 91 a factor of 3458?
True
Does 14 divide 172?
False
Does 2 divide 3914?
True
Is 1761 a multiple of 15?
False
Is 7 a factor of 13216?
True
Is 13 a factor of 870?
False
Is 58 a factor of 9048?
True
Is 3144 a multiple of 216?
False
Does 24 divide 1848?
True
Is 3918 a multiple of 6?
True
Is 61 a factor of 52277?
True
Does 108 divide 3564?
True
Is 314 a factor of 28628?
False
Is 27251 a multiple of 119?
True
Is 12 a factor of 48?
True
Is 35 a factor of 45570?
True
Is 12 a factor of 96?
True
Is 1769 a multiple of 9?
False
Does 9 divide 3861?
True
Does 17 divide 39946?
False
Does 311 divide 23556?
False
Is 17688 a multiple of 44?
True
Is 10 a factor of 1110?
True
Is 168 a multiple of 3?
True
Is 39 a factor of 2457?
True
Is 11 a factor of 6884?
False
Is 580 a multiple of 58?
True
Is 34 a factor of 234?
False
Is 68 a factor of 1049?
False
Is 697 a multiple of 17?
True
Is 14 a factor of 35293?
False
Does 12 divide 2160?
True
Is 11 a factor of 2168?
False
Does 18 divide 1002?
False
Is 12 a factor of 41591?
False
Does 35 divide 10010?
True
Does 28 divide 4822?
False
Is 22 a factor of 10736?
True
Does 6 divide 7280?
False
Is 71 a factor of 8449?
True
Does 8 divide 72?
True
Is 6256 a multiple of 23?
True
Is 119 a multiple of 17?
True
Is 3465 a multiple of 7?
True
Does 2 divide 646?
True
Is 3504 a multiple of 48?
True
Is 376 a multiple of 4?
True
Is 93 a factor of 22710?
False
Is 44 a factor of 53?
False
Is 120 a factor of 3120?
True
Is 397 a multiple of 3?
False
Is 2301 a multiple of 177?
True
Does 40 divide 5156?
False
Is 278 a factor of 65608?
True
Is 6 a factor of 8088?
True
Is 3286 a multiple of 10?
False
Is 4 a factor of 364?
True
Does 128 divide 6661?
False
Is 75766 a multiple of 43?
True
Does 14 divide 31724?
True
Does 25 divide 50?
True
Is 446 a multiple of 81?
False
Is 65 a factor of 68965?
True
Is 1680 a multiple of 40?
True
Is 4009 a multiple of 19?
True
Is 41 a factor of 878?
False
Does 15 divide 2835?
True
Does 20 divide 3940?
True
Is 30562 a multiple of 22?
False
Does 18 divide 2268?
True
Is 127 a factor of 3429?
True
Does 202 divide 5858?
True
Is 13 a factor of 2340?
True
Is 11 a factor of 26873?
True
Is 442 a multiple of 27?
False
Is 53 a factor of 10757?
False
Is 7 a factor of 24486?
True
Is 37 a factor of 2604?
False
Does 2 divide 96?
True
Is 25 a factor of 72?
False
Is 2